hat is the remainder when 3681 is divided by 90?
81
What is the remainder when 798 is divided by 54?
42
What is the remainder when 1412 is divided by 129?
122
Calculate the remainder when 833 is divided by 38.
35
Calculate the remainder when 184 is divided by 79.
26
Calculate the remainder when 186 is divided by 26.
4
Calculate the remainder when 909 is divided by 14.
13
What is the remainder when 295 is divided by 45?
25
What is the remainder when 721 is divided by 358?
5
Calculate the remainder when 221 is divided by 30.
11
Calculate the remainder when 969 is divided by 36.
33
What is the remainder when 2668 is divided by 158?
140
What is the remainder when 260 is divided by 45?
35
What is the remainder when 192 is divided by 58?
18
What is the remainder when 695 is divided by 116?
115
What is the remainder when 4406 is divided by 90?
86
Calculate the remainder when 27 is divided by 5.
2
What is the remainder when 142 is divided by 42?
16
What is the remainder when 1789 is divided by 297?
7
What is the remainder when 109 is divided by 56?
53
What is the remainder when 10299 is divided by 20?
19
Calculate the remainder when 195 is divided by 33.
30
Calculate the remainder when 310 is divided by 64.
54
What is the remainder when 1450 is divided by 355?
30
Calculate the remainder when 281 is divided by 22.
17
What is the remainder when 34 is divided by 6?
4
Calculate the remainder when 79 is divided by 44.
35
Calculate the remainder when 1397 is divided by 25.
22
What is the remainder when 127 is divided by 33?
28
Calculate the remainder when 783 is divided by 89.
71
What is the remainder when 168 is divided by 17?
15
What is the remainder when 648 is divided by 35?
18
What is the remainder when 461 is divided by 7?
6
What is the remainder when 279 is divided by 35?
34
What is the remainder when 282 is divided by 57?
54
What is the remainder when 263 is divided by 22?
21
What is the remainder when 15857 is divided by 9?
8
What is the remainder when 3125 is divided by 59?
57
What is the remainder when 2464 is divided by 2447?
17
What is the remainder when 828 is divided by 119?
114
Calculate the remainder when 2062 is divided by 17.
5
Calculate the remainder when 94 is divided by 24.
22
What is the remainder when 801 is divided by 498?
303
What is the remainder when 538 is divided by 3?
1
Calculate the remainder when 134 is divided by 48.
38
What is the remainder when 178 is divided by 17?
8
What is the remainder when 60 is divided by 47?
13
What is the remainder when 119 is divided by 58?
3
What is the remainder when 25 is divided by 15?
10
Calculate the remainder when 366 is divided by 56.
30
What is the remainder when 69 is divided by 31?
7
What is the remainder when 92 is divided by 83?
9
Calculate the remainder when 536 is divided by 21.
11
What is the remainder when 1779 is divided by 178?
177
Calculate the remainder when 924 is divided by 132.
0
What is the remainder when 1304 is divided by 9?
8
Calculate the remainder when 320 is divided by 263.
57
Calculate the remainder when 1428 is divided by 26.
24
What is the remainder when 244 is divided by 19?
16
What is the remainder when 510 is divided by 71?
13
What is the remainder when 2870 is divided by 24?
14
Calculate the remainder when 9647 is divided by 8.
7
Calculate the remainder when 917 is divided by 46.
43
Calculate the remainder when 1848 is divided by 43.
42
Calculate the remainder when 1103 is divided by 46.
45
What is the remainder when 1392 is divided by 25?
17
What is the remainder when 187 is divided by 47?
46
Calculate the remainder when 894 is divided by 442.
10
What is the remainder when 212 is divided by 36?
32
What is the remainder when 1799 is divided by 18?
17
Calculate the remainder when 599 is divided by 10.
9
Calculate the remainder when 248 is divided by 2.
0
What is the remainder when 2163 is divided by 77?
7
Calculate the remainder when 61 is divided by 9.
7
What is the remainder when 930 is divided by 85?
80
What is the remainder when 26 is divided by 16?
10
Calculate the remainder when 376 is divided by 240.
136
What is the remainder when 114 is divided by 41?
32
Calculate the remainder when 1764 is divided by 13.
9
Calculate the remainder when 853 is divided by 33.
28
Calculate the remainder when 132 is divided by 45.
42
What is the remainder when 150 is divided by 38?
36
What is the remainder when 1010 is divided by 166?
14
Calculate the remainder when 2394 is divided by 17.
14
Calculate the remainder when 122 is divided by 16.
10
Calculate the remainder when 510 is divided by 16.
14
Calculate the remainder when 118 is divided by 29.
2
Calculate the remainder when 3885 is divided by 66.
57
What is the remainder when 1091 is divided by 78?
77
Calculate the remainder when 266 is divided by 95.
76
What is the remainder when 79 is divided by 33?
13
What is the remainder when 97 is divided by 50?
47
What is the remainder when 203 is divided by 16?
11
What is the remainder when 372 is divided by 15?
12
Calculate the remainder when 1695 is divided by 623.
449
Calculate the remainder when 210 is divided by 117.
93
Calculate the remainder when 178 is divided by 158.
20
Calculate the remainder when 672 is divided by 150.
72
What is the remainder when 14 is divided by 4?
2
What is the remainder when 458 is divided by 15?
8
What is the remainder when 337 is divided by 162?
13
Calculate the remainder when 6659 is divided by 74.
73
Calculate the remainder when 43 is divided by 19.
5
What is the remainder when 175 is divided by 76?
23
What is the remainder when 415 is divided by 84?
79
What is the remainder when 307 is divided by 4?
3
Calculate the remainder when 272 is divided by 22.
8
Calculate the remainder when 170 is divided by 9.
8
Calculate the remainder when 696 is divided by 188.
132
Calculate the remainder when 16282 is divided by 12.
10
What is the remainder when 613 is divided by 123?
121
Calculate the remainder when 33 is divided by 10.
3
Calculate the remainder when 1822 is divided by 267.
220
Calculate the remainder when 295 is divided by 76.
67
What is the remainder when 1272 is divided by 452?
368
Calculate the remainder when 731 is divided by 449.
282
Calculate the remainder when 1727 is divided by 6.
5
Calculate the remainder when 170 is divided by 84.
2
Calculate the remainder when 545 is divided by 28.
13
Calculate the remainder when 969 is divided by 27.
24
What is the remainder when 534 is divided by 49?
44
What is the remainder when 311 is divided by 104?
103
Calculate the remainder when 725 is divided by 335.
55
Calculate the remainder when 657 is divided by 80.
17
Calculate the remainder when 489 is divided by 101.
85
What is the remainder when 141 is divided by 12?
9
What is the remainder when 634 is divided by 140?
74
What is the remainder when 176 is divided by 21?
8
What is the remainder when 3629 is divided by 33?
32
Calculate the remainder when 104 is divided by 20.
4
Calculate the remainder when 5655 is divided by 14.
13
What is the remainder when 83 is divided by 7?
6
Calculate the remainder when 456 is divided by 449.
7
Calculate the remainder when 306 is divided by 78.
72
What is the remainder when 548 is divided by 536?
12
What is the remainder when 1671 is divided by 7?
5
Calculate the remainder when 547 is divided by 50.
47
What is the remainder when 3991 is divided by 9?
4
What is the remainder when 86 is divided by 18?
14
Calculate the remainder when 140 is divided by 16.
12
What is the remainder when 151 is divided by 45?
16
What is the remainder when 126 is divided by 32?
30
What is the remainder when 489 is divided by 12?
9
What is the remainder when 226 is divided by 100?
26
What is the remainder when 355 is divided by 12?
7
Calculate the remainder when 768 is divided by 77.
75
What is the remainder when 1787 is divided by 581?
44
Calculate the remainder when 96 is divided by 9.
6
What is the remainder when 7166 is divided by 10?
6
Calculate the remainder when 66 is divided by 58.
8
What is the remainder when 1101 is divided by 141?
114
What is the remainder when 96 is divided by 16?
0
Calculate the remainder when 3498 is divided by 31.
26
What is the remainder when 780 is divided by 32?
12
Calculate the remainder when 235 i